at is the greatest common factor of 130764 and 3205?
641
Calculate the greatest common factor of 134 and 397176.
134
Calculate the highest common divisor of 63 and 1666.
7
Calculate the highest common divisor of 4145650 and 50.
50
What is the highest common divisor of 12181 and 1144?
13
Calculate the greatest common divisor of 2923 and 1896.
79
What is the highest common divisor of 120 and 28740?
60
Calculate the highest common factor of 514099 and 41.
41
Calculate the greatest common divisor of 9 and 526329.
9
Calculate the greatest common divisor of 660 and 5172.
12
Calculate the highest common factor of 12 and 2557092.
12
What is the highest common divisor of 3073001 and 1732?
433
What is the greatest common divisor of 22 and 1062259?
11
Calculate the greatest common factor of 106 and 189846.
106
Calculate the greatest common divisor of 192 and 1609392.
48
Calculate the highest common factor of 207 and 884421.
9
Calculate the greatest common factor of 3144 and 10656.
24
Calculate the greatest common factor of 13 and 47983.
13
What is the highest common factor of 14 and 30164974?
14
Calculate the highest common divisor of 364 and 47240.
4
What is the greatest common factor of 58022 and 67?
67
What is the highest common divisor of 10 and 1209430?
10
Calculate the greatest common divisor of 828360 and 6240.
1560
Calculate the greatest common divisor of 531 and 450.
9
Calculate the greatest common divisor of 1071 and 1732759.
119
Calculate the highest common factor of 15512 and 154.
14
Calculate the greatest common divisor of 52706 and 73.
73
What is the greatest common factor of 32 and 2448328?
8
What is the highest common factor of 128 and 184512?
64
What is the highest common factor of 6109 and 697?
41
Calculate the highest common factor of 88 and 11308.
44
Calculate the greatest common factor of 1387848 and 132.
132
Calculate the greatest common factor of 837 and 3402.
27
What is the greatest common divisor of 3410 and 3968?
62
Calculate the highest common divisor of 95312 and 896.
112
What is the highest common factor of 456144 and 156?
156
What is the highest common divisor of 979 and 3058?
11
Calculate the greatest common divisor of 1345 and 169739.
269
What is the highest common divisor of 58376 and 88?
8
Calculate the greatest common divisor of 45443 and 464.
29
Calculate the greatest common divisor of 10065 and 793.
61
What is the highest common divisor of 1593 and 8172?
9
What is the greatest common divisor of 261 and 29?
29
What is the highest common divisor of 86653 and 21?
7
Calculate the greatest common factor of 2014 and 27854.
38
Calculate the greatest common divisor of 3825 and 41565.
255
What is the highest common divisor of 860 and 3580?
20
Calculate the highest common factor of 7960 and 32.
8
Calculate the greatest common divisor of 32947 and 69.
1
What is the highest common factor of 23 and 2473443?
23
What is the greatest common divisor of 335 and 6129495?
335
Calculate the greatest common divisor of 3317 and 243746.
107
Calculate the greatest common divisor of 2436 and 157332.
84
Calculate the greatest common factor of 10584 and 2625.
21
What is the greatest common divisor of 1323 and 102600?
27
Calculate the highest common factor of 809863 and 34.
17
Calculate the greatest common factor of 13150 and 526.
526
Calculate the greatest common divisor of 3642 and 498.
6
Calculate the highest common divisor of 12512 and 22440.
136
Calculate the greatest common divisor of 80 and 203000.
40
What is the highest common divisor of 10828331 and 1426?
713
What is the greatest common factor of 360 and 105660?
180
Calculate the greatest common divisor of 3740 and 48565.
55
What is the highest common divisor of 6699 and 406?
203
What is the highest common divisor of 38398 and 2630?
526
What is the highest common divisor of 5798 and 832?
26
What is the highest common factor of 396 and 10956?
132
Calculate the highest common divisor of 74976 and 99.
33
Calculate the greatest common divisor of 1344 and 34176.
192
What is the highest common divisor of 154305 and 635?
635
What is the highest common factor of 11620 and 2270?
10
Calculate the highest common divisor of 19738 and 2502.
278
What is the greatest common divisor of 54 and 23193?
27
Calculate the highest common divisor of 22866 and 113664.
222
Calculate the highest common factor of 517 and 187.
11
Calculate the greatest common divisor of 57 and 2146677.
57
What is the highest common factor of 157821 and 1209?
93
Calculate the greatest common divisor of 164795 and 115.
115
What is the highest common factor of 229005 and 2205?
315
What is the greatest common factor of 1728 and 17024?
64
What is the highest common factor of 1893987 and 306?
153
What is the highest common factor of 210497 and 7?
7
Calculate the greatest common divisor of 90 and 8838.
18
What is the highest common factor of 486 and 28782?
54
Calculate the greatest common factor of 1420 and 368348.
284
Calculate the highest common divisor of 14035 and 175.
35
What is the greatest common divisor of 84 and 39550?
14
What is the greatest common divisor of 32769 and 1386?
99
What is the greatest common divisor of 1037 and 16470?
61
What is the highest common factor of 154 and 270424?
154
Calculate the highest common factor of 342 and 57042.
18
What is the highest common divisor of 11634 and 32132?
554
What is the greatest common divisor of 1115 and 16795?
5
Calculate the greatest common divisor of 920 and 74040.
40
What is the highest common divisor of 34751 and 76?
19
What is the greatest common divisor of 17983 and 343?
49
Calculate the greatest common factor of 5424936 and 24.
24
What is the greatest common factor of 367 and 800794?
367
Calculate the greatest common factor of 6 and 9897.
3
Calculate the highest common factor of 101269 and 23.
23
What is the greatest common factor of 325 and 10975?
25
Calculate the greatest common factor of 1527534 and 7510.
1502
What is the greatest common factor of 128 and 3424?
32
Calculate the greatest common divisor of 11309 and 1462.
43
Calculate the greatest common factor of 203 and 88218.
29
Calculate the highest common divisor of 1255248 and 3790.
758
What is the highest common divisor of 5187028 and 308?
308
What is the greatest common factor of 116 and 216514?
58
Calculate the highest common factor of 4688 and 1808.
16
Calculate the greatest common divisor of 15730 and 38478.
242
Calculate the greatest common factor of 3 and 134451.
3
Calculate the highest common divisor of 1827 and 5733.
63
Calculate the greatest common factor of 8 and 430.
2
What is the greatest common divisor of 3947510 and 140?
70
What is the greatest common divisor of 181376 and 2704?
208
Calculate the highest common factor of 154 and 32942.
14
Calculate the highest common factor of 595 and 710.
5
Calculate the greatest common divisor of 2695 and 10615.
55
Calculate the highest common factor of 372 and 75702.
186
Calculate the highest common factor of 3796 and 99572.
292
Calculate the greatest common divisor of 28576 and 4408.
152
Calculate the highest common factor of 2976 and 6386.
62
What is the greatest common factor of 1229580 and 23?
23
What is the highest common factor of 115 and 1604388?
23
What is the greatest common factor of 231315 and 75?
15
Calculate the greatest common divisor of 15028 and 22644.
68
What is the greatest common factor of 3127 and 1961?
53
What is the highest common divisor of 189567 and 1836?
459
What is the greatest common divisor of 291 and 268302?
291
What is the greatest common divisor of 31637 and 136?
17
Calculate the greatest common factor of 706 and 792838.
706
What is the highest common factor of 1397188 and 468?
52
What is the highest common factor of 2380 and 130?
10
Calculate the highest common divisor of 52 and 3667326.
26
What is the greatest common factor of 1480737 and 3?
3
What is the greatest common divisor of 4278 and 26381?
713
What is the greatest common factor of 581 and 49302?
83
What is the greatest common factor of 122063 and 37?
37
Calculate the highest common divisor of 100 and 887450.
50
Calculate the greatest common divisor of 85 and 2193.
17
What is the highest common factor of 1990 and 6610?
10
Calculate the highest common divisor of 111 and 96